{"id":12,"date":"2015-11-27T15:19:10","date_gmt":"2015-11-27T14:19:10","guid":{"rendered":"http:\/\/claire-bazin.fr\/?page_id=12"},"modified":"2017-05-10T11:29:08","modified_gmt":"2017-05-10T10:29:08","slug":"losteopathie","status":"publish","type":"page","link":"https:\/\/claire-bazin.fr\/index.php\/losteopathie\/","title":{"rendered":"L&rsquo;ost\u00e9opathie"},"content":{"rendered":"<h4><em><strong>Petit historique<\/strong><\/em><\/h4>\n<p>Le concept ost\u00e9opathique a \u00e9t\u00e9 \u00e9labor\u00e9 au si\u00e8cle dernier par un m\u00e9decin am\u00e9ricain, <strong>Andrew Taylor Still<\/strong> (1828-1917). Elle prend sa source dans l\u2019art du reboutement que Still ma\u00eetrisait parfaitement. Mais, il s\u2019est ing\u00e9ni\u00e9 \u00e0 rendre son syst\u00e8me coh\u00e9rent. S\u2019inspirant de noms connus tels allopathie ou hom\u00e9opathie, Still a nomm\u00e9 son syst\u00e8me ost\u00e9opathie, combinaison du grec <em>osteon<\/em>, signifiant <strong>os<\/strong>, et <em>pathein<\/em>, signifiant <strong>ressenti, souffrance<\/strong>.<br \/>\nC\u2019est en <strong>2002<\/strong> que l\u2019ost\u00e9opathie a \u00e9t\u00e9 reconnu en France, et en <strong>2014<\/strong>, les d\u00e9crets en d\u00e9finissent la formation.<\/p>\n<h4><em><strong>Les principes<\/strong><\/em><\/h4>\n<p>Se fondant sur la connaissance de l\u2019organisation anatomique, physiologique, biologique, m\u00e9tabolique du syst\u00e8me corporel, l\u2019ost\u00e9opathie \u00e9tablit un <strong>lien entre les d\u00e9rangements m\u00e9caniques existant dans le syst\u00e8me<\/strong> et <strong>l\u2019apparition de manifestations pathologiques.<\/strong><\/p>\n<p>Elle postule que le syst\u00e8me corporel vivant poss\u00e8de<strong> l\u2019aptitude inh\u00e9rente \u00e0 s\u2019auto entretenir<\/strong>, \u00e0 <strong>s\u2019auto r\u00e9guler<\/strong> et m\u00eame \u00e0 <strong>s\u2019auto gu\u00e9rir<\/strong>, pourvu que soient lev\u00e9s les d\u00e9rangements de nature m\u00e9canique qui l\u2019en emp\u00eachent.<\/p>\n<p>Still compare souvent le syst\u00e8me corporel \u00e0 une entreprise dont toutes les parties, tous les services sont importants pour le fonctionnement de l\u2019ensemble. Comme on ne peut \u00e9valuer l\u2019\u00e9tat de sant\u00e9 d\u2019une entreprise en ne consid\u00e9rant que quelques parties, on ne peut \u00e9valuer l\u2019\u00e9tat de sant\u00e9 du syst\u00e8me corporel sans s\u2019occuper de l\u2019ensemble.<\/p>\n<p><strong>Le corps a le pouvoir de s\u2019auto r\u00e9guler et de surmonter la maladie<\/strong><br \/>\nAucun praticien n\u2019a jamais gu\u00e9ri un patient, il a seulement <strong>permis \u00e0 l\u2019organisme du patient de trouver et mobiliser les ressources n\u00e9cessaires pour recr\u00e9er un \u00e9quilibre.<\/strong><br \/>\nGr\u00e2ce \u00e0 un raisonnement reposant sur la connaissance anatomique et physiologique, le r\u00f4le de l\u2019ost\u00e9opathe se borne donc \u00e0 :<br \/>\n&#8211; Trouver les \u00e9l\u00e9ments entravant les processus normaux d\u2019am\u00e9lioration.<br \/>\n&#8211; Les r\u00e9ajuster<br \/>\n&#8211; Laisser la sagesse du corps faire l\u2019essentiel : r\u00e9tablir son \u00e9quilibre et sa sant\u00e9.<\/p>\n<p>L\u2019ost\u00e9opathe doit \u00eatre<strong> orient\u00e9 vers l\u2019id\u00e9e de sant\u00e9<\/strong><br \/>\n\u00ab Trouver la sant\u00e9 devrait \u00eatre l\u2019objectif du docteur. N\u2019importe qui peut trouver la maladie \u00bb.<br \/>\nSi le syst\u00e8me corporel est apte \u00e0 s\u2019auto r\u00e9guler pour se maintenir en bonne sant\u00e9, cela signifie que la sant\u00e9 est inh\u00e9rente au vivant.<\/p>\n<p>L\u2019ost\u00e9opathe se veut praticien de sant\u00e9. D\u00e9finir la sant\u00e9 n\u2019est pas \u00e9vident. Pour l\u2019ost\u00e9opathe, elle correspond \u00e0 l\u2019\u00e9tat de l\u2019organisme r\u00e9ussissant \u00e0 \u00e9tablir et maintenir des relations harmonieuses en son sein et avec son environnement.<\/p>\n<p>Mal \u00eatre et maladie surviennent lorsque le syst\u00e8me ne parvient plus \u00e0 trouver un \u00e9quilibre au sein de l\u2019ensemble de contraintes et obligations qui sont les siennes, dans le temps pr\u00e9sent.<br \/>\nMieux \u00eatre et retour \u00e0 la sant\u00e9, ne signifient pas pour autant que l\u2019organisme devient parfait, mais <strong>qu\u2019il retrouve sa capacit\u00e9 \u00e0 cr\u00e9er l\u2019harmonie.<\/strong><br \/>\nLa sant\u00e9 est donc relative aux conditions pr\u00e9sentes, dans et hors du corps, et comme la vie est en perp\u00e9tuel changement, bien que potentiellement pr\u00e9sente et permanente, elle n\u2019est <strong>jamais d\u00e9finitivement acquise<\/strong>.<br \/>\nL\u2019action du praticien consiste \u00e0 <strong>r\u00e9tablir les conditions permettant \u00e0 l\u2019organisme de recr\u00e9er une harmonie<\/strong> manifestant la sant\u00e9 : <em>\u00ab Enlevez tous les obstacles et lorsque cela est fait intelligemment, la nature fera gentiment le reste \u00bb.<\/em><\/p>\n","protected":false},"excerpt":{"rendered":"<p>Petit historique Le concept ost\u00e9opathique a \u00e9t\u00e9 \u00e9labor\u00e9 au si\u00e8cle dernier par un m\u00e9decin am\u00e9ricain, Andrew Taylor Still (1828-1917). Elle prend sa source dans l\u2019art du reboutement que Still ma\u00eetrisait parfaitement. Mais, il s\u2019est ing\u00e9ni\u00e9 \u00e0 rendre son syst\u00e8me coh\u00e9rent&#8230;. <a class=\"more-link\" href=\"https:\/\/claire-bazin.fr\/index.php\/losteopathie\/\">Continue Reading &rarr;<\/a><\/p>\n","protected":false},"author":2,"featured_media":0,"parent":0,"menu_order":0,"comment_status":"closed","ping_status":"closed","template":"","meta":[],"_links":{"self":[{"href":"https:\/\/claire-bazin.fr\/index.php\/wp-json\/wp\/v2\/pages\/12"}],"collection":[{"href":"https:\/\/claire-bazin.fr\/index.php\/wp-json\/wp\/v2\/pages"}],"about":[{"href":"https:\/\/claire-bazin.fr\/index.php\/wp-json\/wp\/v2\/types\/page"}],"author":[{"embeddable":true,"href":"https:\/\/claire-bazin.fr\/index.php\/wp-json\/wp\/v2\/users\/2"}],"replies":[{"embeddable":true,"href":"https:\/\/claire-bazin.fr\/index.php\/wp-json\/wp\/v2\/comments?post=12"}],"version-history":[{"count":3,"href":"https:\/\/claire-bazin.fr\/index.php\/wp-json\/wp\/v2\/pages\/12\/revisions"}],"predecessor-version":[{"id":47,"href":"https:\/\/claire-bazin.fr\/index.php\/wp-json\/wp\/v2\/pages\/12\/revisions\/47"}],"wp:attachment":[{"href":"https:\/\/claire-bazin.fr\/index.php\/wp-json\/wp\/v2\/media?parent=12"}],"curies":[{"name":"wp","href":"https:\/\/api.w.org\/{rel}","templated":true}]}}